 factor of 13 and c?
13
Suppose -10*m = -7 - 23. Let n be m/(-6) + -4 + (-796)/(-8). Calculate the highest common divisor of n and 76.
19
Suppose -72*k - 147 = -300 - 351. What is the greatest common factor of k and 875?
7
Let d be ((-2538)/30)/(4/(-80)). Calculate the highest common divisor of d and 48.
12
Let r be -2 + 4 - 4 - -40. Let p(d) = 15*d**2 + 101*d - 97. Let b be p(1). What is the highest common divisor of b and r?
19
Let y be 10*((-19)/(-2) + 2). Let r(d) = 21*d + 144. Let a be r(-7). Let v be 3/((-1)/y*a). Calculate the highest common divisor of 23 and v.
23
Suppose -2*f = 5*v + 41 - 579, 2*v - 212 = -4*f. Suppose v = 2*z - 12. What is the greatest common divisor of 255 and z?
15
Let n = 216 + -208. Let l be (1 + -7 + 11)*n. Let c(t) = t**2 - 5. Let p be c(5). What is the greatest common factor of p and l?
20
Let h(u) = 3*u**2 - 84 + 147 + 9*u - u**3 - 72. Let j be h(6). Let y = j - -117. Calculate the highest common divisor of 135 and y.
27
Let j = 195 - 181. Suppose -j*r = -8*r - 258. Calculate the greatest common factor of r and 215.
43
Let g = 6947 + -6926. Calculate the greatest common divisor of 1603 and g.
7
Suppose -4 = -100*u + 581 + 2715. Let b(o) = 6*o**2 + o + 4. Let j be b(-3). What is the highest common factor of u and j?
11
Let z(i) = -6*i**2 + 300*i - 79. Let w be z(39). Calculate the highest common divisor of 15 and w.
5
Let a be -3*(-4)/((-12)/(-219)). Suppose 3*y + 21 - a = 0. Suppose 27*w - 28*w + 6 = 0. Calculate the greatest common divisor of w and y.
6
Let a = 93 + -50. Let n = -150 - -291. Let u = a + n. Calculate the highest common factor of u and 23.
23
Suppose 15*u + 5*i - 1660 = 0, -4*u - 2*i = -308 - 134. What is the greatest common factor of u and 4773?
111
Let v(h) = -6*h + 4. Let u be v(-1). Let a(s) = -8*s + 94. Let q be a(u). What is the highest common factor of 26 and q?
2
Let d(q) = 124*q**3 - 14*q**2 + 27*q - 1. Let n be d(2). Calculate the highest common factor of n and 1075.
43
Suppose 2*m - 20 = 58. Let s be (48/(-42))/(6/(-21)). Let k = 22 + s. What is the greatest common factor of m and k?
13
Let d(t) = 2339*t + 334. Let a be d(2). Calculate the highest common factor of a and 28.
28
Let y = 196 - 71. Let w be 7/35 - (-19)/5. Suppose w*u + 47 = 147. What is the highest common factor of u and y?
25
Let v(a) = -a**3 + 11*a**2 + 5*a - 51. Let d be v(11). Suppose 0 = -4*k + 34 + 2. Suppose -k = d*j - 7*j. What is the greatest common divisor of j and 15?
3
Let l(q) = 2*q**3 + 4*q**2 - 6*q + 3. Let u be l(2). Suppose v = 6*v - 10, -u = -d - 4*v. Calculate the greatest common factor of d and 10.
5
Suppose 17*w - 7014 = 500. Suppose -4*f - 2*m = -w, -m = -7*f + 10*f - 331. Calculate the highest common divisor of f and 30.
10
Let r be (-18)/(-15)*(-70)/(-3). Suppose 30*m - 4 = r*m. Suppose -2*n + 215 = 5*u + 3*n, 106 = m*u - 2*n. What is the greatest common divisor of 12 and u?
12
Suppose 87*t - 15*t = 3240. Calculate the highest common factor of t and 375.
15
Suppose -260*i = -82*i - 11392. What is the greatest common divisor of 8 and i?
8
Let o(t) = -38*t + 1525. Let u be o(40). Calculate the greatest common divisor of 199 and u.
1
Suppose 3*b = -k + 23 + 130, -3*k = 0. Let q = b - 49. Suppose q*i - 8 - 4 = 0. Calculate the greatest common divisor of i and 8.
2
Let o be 33/2*28/6. Let z = -262 - -336. Let l = 85 - z. Calculate the greatest common divisor of l and o.
11
Let j be (-7 - (-39)/5) + 71/5. Suppose j*m = 16*m - 42. Suppose 25 - 93 = -4*s + 4*q, -2*q = -4*s + 62. What is the highest common factor of s and m?
14
Let i be -270*(-10)/6 + 22. What is the highest common divisor of 120 and i?
8
Let v = 482 + -349. What is the greatest common divisor of 252 and v?
7
Let o(y) = -y**2 - 4*y + 16. Let l be o(-6). Suppose 0 = l*z + 35 - 139. Calculate the highest common factor of 13 and z.
13
Let f = -922 + 920. Let p be (-2)/(-8)*-2 + (-131)/f. Calculate the greatest common divisor of 35 and p.
5
Let w(s) = s**3 - 6*s - 6. Let b be w(3). Suppose -9 - 3 = -b*x, -5*x - 50 = -k. What is the greatest common divisor of 170 and k?
10
Let d(u) = -34 + 11*u**2 + 10*u**2 - 2*u**3 + 6*u**3 - 5*u - 33 - 3*u**3. Let s be d(-21). What is the greatest common divisor of 57 and s?
19
Suppose 4*h - 3*z - 2*z - 7 = 0, -h + 2 = -z. Let s be (h - 147/14)/((-3)/30). Calculate the highest common factor of s and 30.
15
Let v = -7 + 9. Let t(s) = -15*s - 35. Let i be t(-6). Suppose 3*g - 2*g + m = 15, 0 = -5*g - m + i. What is the highest common divisor of g and v?
2
Let a(m) = -102*m - 194. Let r(d) = -34*d - 65. Let u(g) = -5*a(g) + 16*r(g). Let w be u(-4). Calculate the greatest common factor of 11 and w.
11
Let s = 2493 - 2425. What is the highest common factor of s and 374?
34
Suppose -3*t + 798 = -2*p, 0 = 4*t - 0*t - 5*p - 1071. What is the greatest common divisor of 1188 and t?
132
Suppose -3*r + 5146 = v, -3*v = 33*r - 35*r - 15526. What is the highest common factor of v and 550?
110
Let i be (-30)/9*(-156)/5. Let v = -2 + -477. Let c = -471 - v. What is the greatest common divisor of i and c?
8
Suppose 0 = -3*c + 2*m - 3 - 18, 4*m + 8 = -4*c. Let y be 32/(-3 - c) - 2. Suppose 4*j - 5*j = -y. What is the highest common factor of j and 42?
14
Suppose 89 = -6*h - 19. Let p = h + 22. Suppose -479 = -4*f - 0*u - u, -p*f = 4*u - 464. Calculate the highest common factor of 11 and f.
11
Suppose 3*w + 5*j = 0, 5*w + 13 = 5*j + 53. Suppose -5*n + w*v = 15, -7 = -0*n - n - v. What is the highest common factor of n and 10?
2
Let q = -57 + 127. Let l be (-7112)/(-252) - (32/(-18) - -2). What is the greatest common factor of q and l?
14
Let u = -368 + 578. Suppose 2*r + 18 = -r. Let w be (-9)/r*(2 + 12). What is the greatest common divisor of u and w?
21
Suppose 19 = 6*g - 35. Let o be (-305)/(-3) - ((-30)/g + 3). Suppose 14*y + 410 - 3980 = 0. What is the greatest common divisor of o and y?
51
Suppose 1204*p - 1105*p - 26136 = 0. Calculate the highest common factor of p and 18348.
132
Suppose -20*o - 149 = 1771. Let k be (-1)/(64/o*1/6). Calculate the highest common factor of k and 423.
9
Let f(c) = -c**2 + 13*c - 25. Suppose 3*n - 41 = -5*d, -13*n + 40 = -9*n + 3*d. Let z be f(n). Calculate the highest common divisor of 51 and z.
17
Let y(i) = -i + 156. Let n be y(-21). Calculate the greatest common factor of n and 2183.
59
Let i be (3190/(-50) + 39)/(0 + 2/(-5)). Let c = 25 + -21. Calculate the highest common factor of i and c.
2
Let x = -20 + 58. Suppose 0 = p + 5*f - 286, 472*p = 467*p + 3*f + 1318. Calculate the highest common factor of p and x.
38
Let t = 379 + -371. Suppose -945 = -t*m - m. What is the highest common factor of m and 245?
35
Let c = -2385 - -2407. Suppose 2*f - 203 = 2*z - 9, 2*f + 5*z = 208. What is the highest common factor of f and c?
11
Let q(a) = -2778*a - 3042. Let y be q(-5). Calculate the greatest common divisor of 32 and y.
32
Suppose 19*g + 144 = 17*g. Let i = 19 + g. Let h = 54 + i. What is the greatest common divisor of h and 5?
1
Let a(d) be the third derivative of 0 + 0*d + 1/8*d**4 - d**3 - 17*d**2 + 1/30*d**5. Let w be a(10). What is the greatest common divisor of 32 and w?
32
Let o = -4049 + 4148. Calculate the highest common factor of 45 and o.
9
Let n = 12151 - 12143. What is the highest common divisor of 968 and n?
8
Suppose 132 = 65*n - 59*n. Suppose 3*s = -5*t + s + 42, -5*t + 36 = -4*s. Suppose 10*u = t*u + n. What is the highest common divisor of 44 and u?
11
Let c = 3062 + -3035. What is the highest common divisor of 4887 and c?
27
Let x = 127 - 125. Let b be (-2 + 1)*x/4*-404. What is the highest common factor of b and 707?
101
Let i(h) = 1493*h - 3782. Let z be i(4). What is the greatest common factor of z and 292?
146
Let h = 15383 - 15273. Calculate the highest common divisor of 8195 and h.
55
Suppose 0 = -2*f + 25*f - 92. Suppose -f = v, 99 = -4*i + v + 1511. Calculate the greatest common divisor of i and 32.
32
Suppose 0 = -272*g + 254*g + 72. Let o be 174/24 + (-1)/4. What is the highest common factor of g and o?
1
Suppose 0 = 4*u + u - 280. Let o(a) = a**3 - 2*a**2 + 18*a - 6. Let c be o(9). Suppose c = 25*v + 123. Calculate the greatest common factor of u and v.
8
Suppose -3*w = -4*d - 3049, 414*w - 411*w = -2*d + 3007. Calculate the highest common factor of w an